en 39159062 is divided by 36.
26
What is the remainder when 57897 is divided by 54589?
3308
Calculate the remainder when 23726890 is divided by 1059.
1054
What is the remainder when 346652 is divided by 13328?
124
What is the remainder when 808162 is divided by 1646?
1622
Calculate the remainder when 78711 is divided by 25516.
2163
What is the remainder when 353076 is divided by 116888?
2412
What is the remainder when 338920 is divided by 233?
138
What is the remainder when 1183321 is divided by 942?
169
Calculate the remainder when 534822 is divided by 218.
68
Calculate the remainder when 427220 is divided by 287.
164
Calculate the remainder when 170779 is divided by 4605.
394
What is the remainder when 303679 is divided by 66?
13
Calculate the remainder when 8715621 is divided by 484180.
381
What is the remainder when 491877 is divided by 163932?
81
Calculate the remainder when 50937 is divided by 15462.
4551
What is the remainder when 13379737 is divided by 153790?
7
What is the remainder when 10803 is divided by 270?
3
Calculate the remainder when 1247827 is divided by 12998.
19
Calculate the remainder when 6065810 is divided by 1010960.
50
What is the remainder when 1936880 is divided by 161401?
68
What is the remainder when 8872141 is divided by 2349?
2317
Calculate the remainder when 2167008 is divided by 138.
132
Calculate the remainder when 50856117 is divided by 1240.
1237
Calculate the remainder when 26104 is divided by 37.
19
What is the remainder when 2410900 is divided by 109585?
30
What is the remainder when 20962939 is divided by 163?
161
Calculate the remainder when 13086568 is divided by 608.
584
What is the remainder when 272598 is divided by 2144?
310
What is the remainder when 3159285 is divided by 126371?
10
Calculate the remainder when 242785768 is divided by 34.
30
What is the remainder when 3208408 is divided by 699?
697
Calculate the remainder when 203686 is divided by 409.
4
What is the remainder when 185080908 is divided by 955?
953
What is the remainder when 755862 is divided by 1196?
1186
What is the remainder when 5298400 is divided by 12?
4
What is the remainder when 16959055 is divided by 65?
35
What is the remainder when 52078 is divided by 5726?
544
Calculate the remainder when 1952722 is divided by 650834.
220
What is the remainder when 1903983 is divided by 275?
158
Calculate the remainder when 28590900 is divided by 7147720.
20
Calculate the remainder when 170318917 is divided by 842.
841
What is the remainder when 30535745 is divided by 61?
60
Calculate the remainder when 14981329 is divided by 85.
79
Calculate the remainder when 84308816 is divided by 22.
20
Calculate the remainder when 238409 is divided by 66.
17
Calculate the remainder when 8012 is divided by 3574.
864
What is the remainder when 5272242 is divided by 920?
642
Calculate the remainder when 13426 is divided by 6672.
82
Calculate the remainder when 5539 is divided by 601.
130
Calculate the remainder when 1843004 is divided by 178.
170
Calculate the remainder when 3451212 is divided by 267.
237
What is the remainder when 1253149 is divided by 65946?
175
What is the remainder when 662329 is divided by 3295?
34
What is the remainder when 71097 is divided by 208?
169
What is the remainder when 121714 is divided by 6?
4
What is the remainder when 26888359 is divided by 15948?
31
What is the remainder when 616506 is divided by 1787?
1778
Calculate the remainder when 207089 is divided by 103537.
15
What is the remainder when 9921980 is divided by 1240212?
284
What is the remainder when 1096238 is divided by 4787?
15
Calculate the remainder when 23554272 is divided by 353.
347
Calculate the remainder when 423223 is divided by 11370.
2533
Calculate the remainder when 616842 is divided by 88110.
72
Calculate the remainder when 928818 is divided by 61790.
1968
Calculate the remainder when 3636933 is divided by 1545.
3
Calculate the remainder when 105891 is divided by 25693.
3119
Calculate the remainder when 13392213 is divided by 235.
33
Calculate the remainder when 2427967 is divided by 17342.
87
What is the remainder when 144369905 is divided by 12633?
12614
Calculate the remainder when 52209854 is divided by 47.
45
What is the remainder when 12566258 is divided by 382?
368
Calculate the remainder when 32111 is divided by 10696.
23
What is the remainder when 263496 is divided by 954?
192
Calculate the remainder when 58269138 is divided by 4828.
6
What is the remainder when 45257 is divided by 418?
113
Calculate the remainder when 16685214 is divided by 379209.
18
Calculate the remainder when 1065043 is divided by 9682.
23
Calculate the remainder when 47380 is divided by 13958.
5506
Calculate the remainder when 703259 is divided by 261.
125
Calculate the remainder when 25193 is divided by 2243.
520
Calculate the remainder when 808171 is divided by 447.
442
Calculate the remainder when 526907 is divided by 263444.
19
Calculate the remainder when 759944 is divided by 16520.
24
What is the remainder when 10199190 is divided by 108?
102
What is the remainder when 664833 is divided by 6784?
1
What is the remainder when 41780 is divided by 4636?
56
What is the remainder when 124390348 is divided by 27?
25
Calculate the remainder when 90296 is divided by 7472.
632
What is the remainder when 3275 is divided by 2664?
611
What is the remainder when 138080 is divided by 1467?
182
Calculate the remainder when 1967593 is divided by 20.
13
Calculate the remainder when 202620468 is divided by 4024.
4020
What is the remainder when 241074 is divided by 241040?
34
Calculate the remainder when 5123580 is divided by 590.
20
What is the remainder when 576449 is divided by 115288?
9
What is the remainder when 929013 is divided by 239?
20
What is the remainder when 236328 is divided by 26256?
24
What is the remainder when 1639968 is divided by 33?
0
Calculate the remainder when 13335808 is divided by 116.
100
Calculate the remainder when 7556946 is divided by 1090.
1066
Calculate the remainder when 7930406 is divided by 100.
6
Calculate the remainder when 194367 is divided by 187186.
7181
Calculate the remainder when 89131374 is divided by 83.
81
What is the remainder when 127140 is divided by 1017?
15
What is the remainder when 89156 is divided by 3703?
284
Calculate the remainder when 1958057 is divided by 31.
4
Calculate the remainder when 234631720 is divided by 9313.
9311
What is the remainder when 656895 is divided by 1121?
1110
What is the remainder when 9737906 is divided by 29?
25
Calculate the remainder when 85821495 is divided by 7801954.
1
What is the remainder when 12867958 is divided by 40?
38
Calculate the remainder when 65451 is divided by 21804.
39
Calculate the remainder when 309916 is divided by 3039.
2977
Calculate the remainder when 7190375 is divided by 46.
23
What is the remainder when 829898 is divided by 919?
41
Calculate the remainder when 4922534 is divided by 41.
33
Calculate the remainder when 13910668 is divided by 28741.
24
What is the remainder when 434200 is divided by 1128?
1048
Calculate the remainder when 2284167 is divided by 1533.
1530
What is the remainder when 1146742 is divided by 143330?
102
Calculate the remainder when 4100086 is divided by 544.
502
What is the remainder when 160158 is divided by 4098?
336
Calculate the remainder when 617810 is divided by 106.
42
What is the remainder when 50522727 is divided by 2472?
2463
What is the remainder when 382684 is divided by 138?
10
What is the remainder when 13744 is divided by 13290?
454
Calculate the remainder when 325765 is divided by 161676.
2413
What is the remainder when 702510 is divided by 426?
36
Calculate the remainder when 241605062 is divided by 39.
23
What is the remainder when 20513515 is divided by 8295?
8275
Calculate the remainder when 2490266 is divided by 10376.
26
What is the remainder when 2673522 is divided by 156?
150
Calculate the remainder when 21051 is divided by 5914.
3309
Calculate the remainder when 108616590 is divided by 59.
9
What is the remainder when 7619943 is divided by 8799?
9
Calculate the remainder when 821259 is divided by 3168.
747
Calculate the remainder when 12013458 is divided by 213.
45
What is the remainder when 394754547 is divided 